{"id":2069,"date":"2023-01-16T15:09:21","date_gmt":"2023-01-16T15:09:21","guid":{"rendered":"https:\/\/fchimie.usthb.dz\/?page_id=2069"},"modified":"2023-01-16T15:22:10","modified_gmt":"2023-01-16T15:22:10","slug":"dossier-de-soutenance-de-doctorat","status":"publish","type":"page","link":"https:\/\/fchimie.usthb.dz\/index.php\/dossier-de-soutenance-de-doctorat\/","title":{"rendered":"Dossier de\u00a0\u00a0soutenance de Doctorat"},"content":{"rendered":"\n<figure class=\"wp-block-image size-large\"><img loading=\"lazy\" decoding=\"async\" width=\"1024\" height=\"576\" src=\"https:\/\/fchimie.usthb.dz\/wp-content\/uploads\/2023\/01\/phdfolder-1024x576.jpg\" alt=\"\" class=\"wp-image-2071\" srcset=\"https:\/\/fchimie.usthb.dz\/wp-content\/uploads\/2023\/01\/phdfolder-1024x576.jpg 1024w, https:\/\/fchimie.usthb.dz\/wp-content\/uploads\/2023\/01\/phdfolder-300x169.jpg 300w, https:\/\/fchimie.usthb.dz\/wp-content\/uploads\/2023\/01\/phdfolder-768x432.jpg 768w, https:\/\/fchimie.usthb.dz\/wp-content\/uploads\/2023\/01\/phdfolder-1536x864.jpg 1536w, https:\/\/fchimie.usthb.dz\/wp-content\/uploads\/2023\/01\/phdfolder.jpg 1920w\" sizes=\"(max-width: 1024px) 100vw, 1024px\" \/><\/figure>\n\n\n\n<p><\/p>\n\n\n\n<div class=\"wp-block-columns is-layout-flex wp-container-core-columns-is-layout-1 wp-block-columns-is-layout-flex\">\n<div class=\"wp-block-column is-layout-flow wp-block-column-is-layout-flow\" style=\"flex-basis:100%\">\n<ul class=\"wp-block-list\"><li>Rapport de soutenabilit\u00e9 r\u00e9dig\u00e9 et sign\u00e9\u00a0\u00a0par le Directeur de th\u00e8se<\/li><li>Fiche signal\u00e9tique de l\u2019imp\u00e9trant (t\u00e9l\u00e9charger le canevas)<\/li><li>Proposition de jury<\/li><li>R\u00e9sum\u00e9 de th\u00e8se\u00a0 (t\u00e9l\u00e9charger le canevas)<\/li><li>Publication de soutenance<\/li><li>Exemplaire de la th\u00e8se<\/li><li>Acte de naissance<\/li><li>Carnet du Doctorant pour les doctorants\u00a0 LMD inscrits \u00e0 partir de l&#8217;ann\u00e9e 2016<\/li><\/ul>\n\n\n\n<div class=\"wp-block-file\"><a id=\"wp-block-file--media-f6148154-34fc-4862-a319-8f45773c7213\" href=\"https:\/\/fchimie.usthb.dz\/wp-content\/uploads\/2023\/01\/Fiche-signaletique.docx\">Fiche-signaletique<\/a><a href=\"https:\/\/fchimie.usthb.dz\/wp-content\/uploads\/2023\/01\/Fiche-signaletique.docx\" class=\"wp-block-file__button\" download aria-describedby=\"wp-block-file--media-f6148154-34fc-4862-a319-8f45773c7213\">Download<\/a><\/div>\n<\/div>\n<\/div>\n\n\n\n<div class=\"wp-block-file\"><a id=\"wp-block-file--media-9dd69910-2b19-4e3a-af96-a19a951f24aa\" href=\"https:\/\/fchimie.usthb.dz\/wp-content\/uploads\/2023\/01\/Modele-Resume_These.docx\">Modele-Resume_These<\/a><a href=\"https:\/\/fchimie.usthb.dz\/wp-content\/uploads\/2023\/01\/Modele-Resume_These.docx\" class=\"wp-block-file__button\" download aria-describedby=\"wp-block-file--media-9dd69910-2b19-4e3a-af96-a19a951f24aa\">Download<\/a><\/div>\n","protected":false},"excerpt":{"rendered":"<p>Rapport de soutenabilit\u00e9 r\u00e9dig\u00e9 et sign\u00e9\u00a0\u00a0par le Directeur de th\u00e8se Fiche signal\u00e9tique de l\u2019imp\u00e9trant (t\u00e9l\u00e9charger le canevas) Proposition de jury <span class=\"readmore\"><a href=\"https:\/\/fchimie.usthb.dz\/index.php\/dossier-de-soutenance-de-doctorat\/\">Suite<\/a><\/span><\/p>\n","protected":false},"author":2,"featured_media":0,"parent":0,"menu_order":0,"comment_status":"closed","ping_status":"closed","template":"","meta":{"footnotes":""},"class_list":["post-2069","page","type-page","status-publish","hentry"],"_links":{"self":[{"href":"https:\/\/fchimie.usthb.dz\/index.php\/wp-json\/wp\/v2\/pages\/2069"}],"collection":[{"href":"https:\/\/fchimie.usthb.dz\/index.php\/wp-json\/wp\/v2\/pages"}],"about":[{"href":"https:\/\/fchimie.usthb.dz\/index.php\/wp-json\/wp\/v2\/types\/page"}],"author":[{"embeddable":true,"href":"https:\/\/fchimie.usthb.dz\/index.php\/wp-json\/wp\/v2\/users\/2"}],"replies":[{"embeddable":true,"href":"https:\/\/fchimie.usthb.dz\/index.php\/wp-json\/wp\/v2\/comments?post=2069"}],"version-history":[{"count":3,"href":"https:\/\/fchimie.usthb.dz\/index.php\/wp-json\/wp\/v2\/pages\/2069\/revisions"}],"predecessor-version":[{"id":2076,"href":"https:\/\/fchimie.usthb.dz\/index.php\/wp-json\/wp\/v2\/pages\/2069\/revisions\/2076"}],"wp:attachment":[{"href":"https:\/\/fchimie.usthb.dz\/index.php\/wp-json\/wp\/v2\/media?parent=2069"}],"curies":[{"name":"wp","href":"https:\/\/api.w.org\/{rel}","templated":true}]}}