{"id":2440,"date":"2023-05-16T16:25:29","date_gmt":"2023-05-16T16:25:29","guid":{"rendered":"https:\/\/fchimie.usthb.dz\/?page_id=2440"},"modified":"2023-05-16T16:26:05","modified_gmt":"2023-05-16T16:26:05","slug":"pfd-2023-2","status":"publish","type":"page","link":"https:\/\/fchimie.usthb.dz\/index.php\/pfd-2023-2\/","title":{"rendered":"PFD 2023"},"content":{"rendered":"\n<figure class=\"wp-block-image size-full\"><img loading=\"lazy\" decoding=\"async\" width=\"957\" height=\"561\" src=\"https:\/\/fchimie.usthb.dz\/wp-content\/uploads\/2023\/05\/pfd.jpg\" alt=\"\" class=\"wp-image-2441\" srcset=\"https:\/\/fchimie.usthb.dz\/wp-content\/uploads\/2023\/05\/pfd.jpg 957w, https:\/\/fchimie.usthb.dz\/wp-content\/uploads\/2023\/05\/pfd-300x176.jpg 300w, https:\/\/fchimie.usthb.dz\/wp-content\/uploads\/2023\/05\/pfd-768x450.jpg 768w\" sizes=\"(max-width: 957px) 100vw, 957px\" \/><\/figure>\n\n\n\n<p>Liens pour les dossiers de mobilit\u00e9 <strong>PFD 2023<\/strong><\/p>\n\n\n\n<ul class=\"wp-block-list\"><li><strong>PFD \/ Doctorant<\/strong>                        : <a href=\"https:\/\/forms.gle\/C887XSrEN66Wbub29\">https:\/\/forms.gle\/C887XSrEN66Wbub29<\/a><\/li><li><strong>PFD \/ MCB                                   <\/strong>: <a href=\"https:\/\/forms.gle\/MUf9UgqHSUcrcAcN8\">https:\/\/forms.gle\/MUf9UgqHSUcrcAcN8<\/a><\/li><li><strong>PFD \/  Prof &amp; MCA                    :<\/strong> <a href=\"https:\/\/forms.gle\/5FYJXXZr6AYHvTss6\">https:\/\/forms.gle\/5FYJXXZr6AYHvTss6<\/a><\/li><li><strong>Manfestation scientifique<\/strong>   : <a href=\"https:\/\/forms.gle\/9DaVjwLSYh2aUtjh7\">https:\/\/forms.gle\/9DaVjwLSYh2aUtjh7<\/a><\/li><\/ul>\n\n\n\n<p><strong>Remarque:<\/strong><\/p>\n\n\n\n<p>Seuls les enseignants d\u00e9j\u00e0 programm\u00e9s sont concern\u00e9s par l&#8217;\u00e9tude de dossier de stage. Le dossier doit \u00eatre un fichier PDF contenant les documents demand\u00e9s dans l&#8217;ordre requis.<\/p>\n","protected":false},"excerpt":{"rendered":"<p>Liens pour les dossiers de mobilit\u00e9 PFD 2023 PFD \/ Doctorant : https:\/\/forms.gle\/C887XSrEN66Wbub29 PFD \/ MCB : https:\/\/forms.gle\/MUf9UgqHSUcrcAcN8 PFD \/ <span class=\"readmore\"><a href=\"https:\/\/fchimie.usthb.dz\/index.php\/pfd-2023-2\/\">Suite<\/a><\/span><\/p>\n","protected":false},"author":2,"featured_media":0,"parent":0,"menu_order":0,"comment_status":"closed","ping_status":"closed","template":"","meta":{"footnotes":""},"class_list":["post-2440","page","type-page","status-publish","hentry"],"_links":{"self":[{"href":"https:\/\/fchimie.usthb.dz\/index.php\/wp-json\/wp\/v2\/pages\/2440"}],"collection":[{"href":"https:\/\/fchimie.usthb.dz\/index.php\/wp-json\/wp\/v2\/pages"}],"about":[{"href":"https:\/\/fchimie.usthb.dz\/index.php\/wp-json\/wp\/v2\/types\/page"}],"author":[{"embeddable":true,"href":"https:\/\/fchimie.usthb.dz\/index.php\/wp-json\/wp\/v2\/users\/2"}],"replies":[{"embeddable":true,"href":"https:\/\/fchimie.usthb.dz\/index.php\/wp-json\/wp\/v2\/comments?post=2440"}],"version-history":[{"count":2,"href":"https:\/\/fchimie.usthb.dz\/index.php\/wp-json\/wp\/v2\/pages\/2440\/revisions"}],"predecessor-version":[{"id":2443,"href":"https:\/\/fchimie.usthb.dz\/index.php\/wp-json\/wp\/v2\/pages\/2440\/revisions\/2443"}],"wp:attachment":[{"href":"https:\/\/fchimie.usthb.dz\/index.php\/wp-json\/wp\/v2\/media?parent=2440"}],"curies":[{"name":"wp","href":"https:\/\/api.w.org\/{rel}","templated":true}]}}